{"id":241985,"date":"2020-11-26T11:17:34","date_gmt":"2020-11-26T10:17:34","guid":{"rendered":"https:\/\/www.sistemas-catalunya.com\/producto\/im350\/"},"modified":"2025-07-21T23:43:04","modified_gmt":"2025-07-21T22:43:04","slug":"im350","status":"publish","type":"product","link":"https:\/\/www.sistemas-catalunya.com\/ca\/producte\/im350\/","title":{"rendered":"Impressora Multifuncional IM350"},"content":{"rendered":"<p>La IM350 \u00e9s una impressora multifunci\u00f3 petita tot en un, que estalvia espai gr\u00e0cies al disseny compacte i resulta senzilla, f\u00e0cil d&#8217;usar i molt silenciosa, per la qual cosa \u00e9s perfecta per a tot tipus d&#8217;oficines. Aquesta impressora intel\u00b7ligent aprofita la pot\u00e8ncia del n\u00favol per automatitzar els processos documentals quotidians, perqu\u00e8 tu et puguis centrar en altres activitats. Per protegir la informaci\u00f3, admeten l&#8217;autenticaci\u00f3 via targetes intel\u00b7ligents, i aix\u00ed els documents confidencials queden protegits degudament. Les funcions d&#8217;estalvi energ\u00e8tic intel\u00b7ligents redueixen el consum el\u00e8ctric i contribueixen a un cost total de propietat baix.   <\/p>\n<ul>\n<li><em>Categoria:<\/em> Impressora multifuncional<\/li>\n<li><em>Mida paper:<\/em> A4<\/li>\n<li><em>Color\/BN:<\/em> Blanc i Negre<\/li>\n<li><em>Velocitat:<\/em> 35 PPM<\/li>\n<\/ul>\n","protected":false},"excerpt":{"rendered":"<p>Impressora multifuncional<\/p>\n<p> A4 \/ Blanc i Negre<\/p>\n<p> Velocitat d&#8217;impressi\u00f3: 35 PPM<\/p>\n","protected":false},"featured_media":240025,"comment_status":"open","ping_status":"closed","template":"","meta":{"_acf_changed":false},"product_brand":[],"product_cat":[23],"product_tag":[],"class_list":{"0":"post-241985","1":"product","2":"type-product","3":"status-publish","4":"has-post-thumbnail","6":"product_cat-impressores-multifuncionals","7":"pa_color-blanc-negre","9":"first","10":"instock","11":"taxable","12":"shipping-taxable","13":"product-type-simple"},"acf":[],"yoast_head":"<!-- This site is optimized with the Yoast SEO plugin v27.4 - https:\/\/yoast.com\/product\/yoast-seo-wordpress\/ -->\n<title>Impressora multifuncional IM350 | SISTEMES DIGITALS<\/title>\n<meta name=\"description\" content=\"La IM350 \u00e9s una impressora multifuncional petita, tot en un, f\u00e0cil d&#039;utilitzar i molt silenciosa, per la qual cosa \u00e9s perfecta per a tot tipus d&#039;oficines.\" \/>\n<meta name=\"robots\" content=\"index, follow, max-snippet:-1, max-image-preview:large, max-video-preview:-1\" \/>\n<link rel=\"canonical\" href=\"https:\/\/www.sistemas-catalunya.com\/ca\/producte\/im350\/\" \/>\n<meta property=\"og:locale\" content=\"ca_ES\" \/>\n<meta property=\"og:type\" content=\"article\" \/>\n<meta property=\"og:title\" content=\"Impressora multifuncional IM350 | SISTEMES DIGITALS\" \/>\n<meta property=\"og:description\" content=\"La IM350 \u00e9s una impressora multifuncional petita, tot en un, f\u00e0cil d&#039;utilitzar i molt silenciosa, per la qual cosa \u00e9s perfecta per a tot tipus d&#039;oficines.\" \/>\n<meta property=\"og:url\" content=\"https:\/\/www.sistemas-catalunya.com\/ca\/producte\/im350\/\" \/>\n<meta property=\"og:site_name\" content=\"Sistemas Digitales\" \/>\n<meta property=\"article:modified_time\" content=\"2025-07-21T22:43:04+00:00\" \/>\n<meta property=\"og:image\" content=\"https:\/\/www.sistemas-catalunya.com\/wp-content\/uploads\/2020\/11\/im350.jpg\" \/>\n\t<meta property=\"og:image:width\" content=\"504\" \/>\n\t<meta property=\"og:image:height\" content=\"504\" \/>\n\t<meta property=\"og:image:type\" content=\"image\/jpeg\" \/>\n<meta name=\"twitter:card\" content=\"summary_large_image\" \/>\n<meta name=\"twitter:label1\" content=\"Temps estimat de lectura\" \/>\n\t<meta name=\"twitter:data1\" content=\"1 minut\" \/>\n<script type=\"application\/ld+json\" class=\"yoast-schema-graph\">{\"@context\":\"https:\\\/\\\/schema.org\",\"@graph\":[{\"@type\":\"WebPage\",\"@id\":\"https:\\\/\\\/www.sistemas-catalunya.com\\\/ca\\\/producte\\\/im350\\\/\",\"url\":\"https:\\\/\\\/www.sistemas-catalunya.com\\\/ca\\\/producte\\\/im350\\\/\",\"name\":\"Impressora multifuncional IM350 | SISTEMES DIGITALS\",\"isPartOf\":{\"@id\":\"https:\\\/\\\/www.sistemas-catalunya.com\\\/ca\\\/#website\"},\"primaryImageOfPage\":{\"@id\":\"https:\\\/\\\/www.sistemas-catalunya.com\\\/ca\\\/producte\\\/im350\\\/#primaryimage\"},\"image\":{\"@id\":\"https:\\\/\\\/www.sistemas-catalunya.com\\\/ca\\\/producte\\\/im350\\\/#primaryimage\"},\"thumbnailUrl\":\"https:\\\/\\\/www.sistemas-catalunya.com\\\/wp-content\\\/uploads\\\/2020\\\/11\\\/im350.jpg\",\"datePublished\":\"2020-11-26T10:17:34+00:00\",\"dateModified\":\"2025-07-21T22:43:04+00:00\",\"description\":\"La IM350 \u00e9s una impressora multifuncional petita, tot en un, f\u00e0cil d'utilitzar i molt silenciosa, per la qual cosa \u00e9s perfecta per a tot tipus d'oficines.\",\"breadcrumb\":{\"@id\":\"https:\\\/\\\/www.sistemas-catalunya.com\\\/ca\\\/producte\\\/im350\\\/#breadcrumb\"},\"inLanguage\":\"ca\",\"potentialAction\":[{\"@type\":\"ReadAction\",\"target\":[\"https:\\\/\\\/www.sistemas-catalunya.com\\\/ca\\\/producte\\\/im350\\\/\"]}]},{\"@type\":\"ImageObject\",\"inLanguage\":\"ca\",\"@id\":\"https:\\\/\\\/www.sistemas-catalunya.com\\\/ca\\\/producte\\\/im350\\\/#primaryimage\",\"url\":\"https:\\\/\\\/www.sistemas-catalunya.com\\\/wp-content\\\/uploads\\\/2020\\\/11\\\/im350.jpg\",\"contentUrl\":\"https:\\\/\\\/www.sistemas-catalunya.com\\\/wp-content\\\/uploads\\\/2020\\\/11\\\/im350.jpg\",\"width\":504,\"height\":504,\"caption\":\"im350\"},{\"@type\":\"BreadcrumbList\",\"@id\":\"https:\\\/\\\/www.sistemas-catalunya.com\\\/ca\\\/producte\\\/im350\\\/#breadcrumb\",\"itemListElement\":[{\"@type\":\"ListItem\",\"position\":1,\"name\":\"Sistemas Catalunya\",\"item\":\"https:\\\/\\\/www.sistemas-catalunya.com\\\/ca\\\/\"},{\"@type\":\"ListItem\",\"position\":2,\"name\":\"Productes\",\"item\":\"https:\\\/\\\/www.sistemas-catalunya.com\\\/ca\\\/productes\\\/\"},{\"@type\":\"ListItem\",\"position\":3,\"name\":\"Impressores Multifuncionals\",\"item\":\"https:\\\/\\\/www.sistemas-catalunya.com\\\/ca\\\/cat-producto\\\/impressores-multifuncionals\\\/\"},{\"@type\":\"ListItem\",\"position\":4,\"name\":\"Impressora Multifuncional IM350\"}]},{\"@type\":\"WebSite\",\"@id\":\"https:\\\/\\\/www.sistemas-catalunya.com\\\/ca\\\/#website\",\"url\":\"https:\\\/\\\/www.sistemas-catalunya.com\\\/ca\\\/\",\"name\":\"Sistemas Digitales\",\"description\":\"Renting de Impresoras y Fotocopiadoras ...\",\"potentialAction\":[{\"@type\":\"SearchAction\",\"target\":{\"@type\":\"EntryPoint\",\"urlTemplate\":\"https:\\\/\\\/www.sistemas-catalunya.com\\\/ca\\\/?s={search_term_string}\"},\"query-input\":{\"@type\":\"PropertyValueSpecification\",\"valueRequired\":true,\"valueName\":\"search_term_string\"}}],\"inLanguage\":\"ca\"}]}<\/script>\n<!-- \/ Yoast SEO plugin. -->","yoast_head_json":{"title":"Impressora multifuncional IM350 | SISTEMES DIGITALS","description":"La IM350 \u00e9s una impressora multifuncional petita, tot en un, f\u00e0cil d'utilitzar i molt silenciosa, per la qual cosa \u00e9s perfecta per a tot tipus d'oficines.","robots":{"index":"index","follow":"follow","max-snippet":"max-snippet:-1","max-image-preview":"max-image-preview:large","max-video-preview":"max-video-preview:-1"},"canonical":"https:\/\/www.sistemas-catalunya.com\/ca\/producte\/im350\/","og_locale":"ca_ES","og_type":"article","og_title":"Impressora multifuncional IM350 | SISTEMES DIGITALS","og_description":"La IM350 \u00e9s una impressora multifuncional petita, tot en un, f\u00e0cil d'utilitzar i molt silenciosa, per la qual cosa \u00e9s perfecta per a tot tipus d'oficines.","og_url":"https:\/\/www.sistemas-catalunya.com\/ca\/producte\/im350\/","og_site_name":"Sistemas Digitales","article_modified_time":"2025-07-21T22:43:04+00:00","og_image":[{"width":504,"height":504,"url":"https:\/\/www.sistemas-catalunya.com\/wp-content\/uploads\/2020\/11\/im350.jpg","type":"image\/jpeg"}],"twitter_card":"summary_large_image","twitter_misc":{"Temps estimat de lectura":"1 minut"},"schema":{"@context":"https:\/\/schema.org","@graph":[{"@type":"WebPage","@id":"https:\/\/www.sistemas-catalunya.com\/ca\/producte\/im350\/","url":"https:\/\/www.sistemas-catalunya.com\/ca\/producte\/im350\/","name":"Impressora multifuncional IM350 | SISTEMES DIGITALS","isPartOf":{"@id":"https:\/\/www.sistemas-catalunya.com\/ca\/#website"},"primaryImageOfPage":{"@id":"https:\/\/www.sistemas-catalunya.com\/ca\/producte\/im350\/#primaryimage"},"image":{"@id":"https:\/\/www.sistemas-catalunya.com\/ca\/producte\/im350\/#primaryimage"},"thumbnailUrl":"https:\/\/www.sistemas-catalunya.com\/wp-content\/uploads\/2020\/11\/im350.jpg","datePublished":"2020-11-26T10:17:34+00:00","dateModified":"2025-07-21T22:43:04+00:00","description":"La IM350 \u00e9s una impressora multifuncional petita, tot en un, f\u00e0cil d'utilitzar i molt silenciosa, per la qual cosa \u00e9s perfecta per a tot tipus d'oficines.","breadcrumb":{"@id":"https:\/\/www.sistemas-catalunya.com\/ca\/producte\/im350\/#breadcrumb"},"inLanguage":"ca","potentialAction":[{"@type":"ReadAction","target":["https:\/\/www.sistemas-catalunya.com\/ca\/producte\/im350\/"]}]},{"@type":"ImageObject","inLanguage":"ca","@id":"https:\/\/www.sistemas-catalunya.com\/ca\/producte\/im350\/#primaryimage","url":"https:\/\/www.sistemas-catalunya.com\/wp-content\/uploads\/2020\/11\/im350.jpg","contentUrl":"https:\/\/www.sistemas-catalunya.com\/wp-content\/uploads\/2020\/11\/im350.jpg","width":504,"height":504,"caption":"im350"},{"@type":"BreadcrumbList","@id":"https:\/\/www.sistemas-catalunya.com\/ca\/producte\/im350\/#breadcrumb","itemListElement":[{"@type":"ListItem","position":1,"name":"Sistemas Catalunya","item":"https:\/\/www.sistemas-catalunya.com\/ca\/"},{"@type":"ListItem","position":2,"name":"Productes","item":"https:\/\/www.sistemas-catalunya.com\/ca\/productes\/"},{"@type":"ListItem","position":3,"name":"Impressores Multifuncionals","item":"https:\/\/www.sistemas-catalunya.com\/ca\/cat-producto\/impressores-multifuncionals\/"},{"@type":"ListItem","position":4,"name":"Impressora Multifuncional IM350"}]},{"@type":"WebSite","@id":"https:\/\/www.sistemas-catalunya.com\/ca\/#website","url":"https:\/\/www.sistemas-catalunya.com\/ca\/","name":"Sistemas Digitales","description":"Renting de Impresoras y Fotocopiadoras ...","potentialAction":[{"@type":"SearchAction","target":{"@type":"EntryPoint","urlTemplate":"https:\/\/www.sistemas-catalunya.com\/ca\/?s={search_term_string}"},"query-input":{"@type":"PropertyValueSpecification","valueRequired":true,"valueName":"search_term_string"}}],"inLanguage":"ca"}]}},"_links":{"self":[{"href":"https:\/\/www.sistemas-catalunya.com\/ca\/wp-json\/wp\/v2\/product\/241985","targetHints":{"allow":["GET"]}}],"collection":[{"href":"https:\/\/www.sistemas-catalunya.com\/ca\/wp-json\/wp\/v2\/product"}],"about":[{"href":"https:\/\/www.sistemas-catalunya.com\/ca\/wp-json\/wp\/v2\/types\/product"}],"replies":[{"embeddable":true,"href":"https:\/\/www.sistemas-catalunya.com\/ca\/wp-json\/wp\/v2\/comments?post=241985"}],"wp:featuredmedia":[{"embeddable":true,"href":"https:\/\/www.sistemas-catalunya.com\/ca\/wp-json\/wp\/v2\/media\/240025"}],"wp:attachment":[{"href":"https:\/\/www.sistemas-catalunya.com\/ca\/wp-json\/wp\/v2\/media?parent=241985"}],"wp:term":[{"taxonomy":"product_brand","embeddable":true,"href":"https:\/\/www.sistemas-catalunya.com\/ca\/wp-json\/wp\/v2\/product_brand?post=241985"},{"taxonomy":"product_cat","embeddable":true,"href":"https:\/\/www.sistemas-catalunya.com\/ca\/wp-json\/wp\/v2\/product_cat?post=241985"},{"taxonomy":"product_tag","embeddable":true,"href":"https:\/\/www.sistemas-catalunya.com\/ca\/wp-json\/wp\/v2\/product_tag?post=241985"}],"curies":[{"name":"wp","href":"https:\/\/api.w.org\/{rel}","templated":true}]}}

<p>La IM350 és una impressora multifunció petita tot en un, que estalvia espai gràcies al disseny compacte i resulta senzilla, fàcil d&#8217;usar i molt silenciosa, per la qual cosa és perfecta per a tot tipus d&#8217;oficines. Aquesta impressora intel·ligent aprofita la potència del núvol per automatitzar els processos documentals quotidians, perquè tu et puguis centrar en altres activitats. Per protegir la informació, admeten l&#8217;autenticació via targetes intel·ligents, i així els documents confidencials queden protegits degudament. Les funcions d&#8217;estalvi energètic intel·ligents redueixen el consum elèctric i contribueixen a un cost total de propietat baix.   </p>
<ul>
<li><em>Categoria:</em> Impressora multifuncional</li>
<li><em>Mida paper:</em> A4</li>
<li><em>Color/BN:</em> Blanc i Negre</li>
<li><em>Velocitat:</em> 35 PPM</li>
</ul>

<p>Impressora multifuncional</p>
<p> A4 / Blanc i Negre</p>
<p> Velocitat d&#8217;impressió: 35 PPM</p>

<!-- This site is optimized with the Yoast SEO plugin v27.4 - https://yoast.com/product/yoast-seo-wordpress/ -->
<title>Impressora multifuncional IM350 | SISTEMES DIGITALS</title>
<meta name="description" content="La IM350 és una impressora multifuncional petita, tot en un, fàcil d&#039;utilitzar i molt silenciosa, per la qual cosa és perfecta per a tot tipus d&#039;oficines." />
<meta name="robots" content="index, follow, max-snippet:-1, max-image-preview:large, max-video-preview:-1" />
<link rel="canonical" href="https://www.sistemas-catalunya.com/ca/producte/im350/" />
<meta property="og:locale" content="ca_ES" />
<meta property="og:type" content="article" />
<meta property="og:title" content="Impressora multifuncional IM350 | SISTEMES DIGITALS" />
<meta property="og:description" content="La IM350 és una impressora multifuncional petita, tot en un, fàcil d&#039;utilitzar i molt silenciosa, per la qual cosa és perfecta per a tot tipus d&#039;oficines." />
<meta property="og:url" content="https://www.sistemas-catalunya.com/ca/producte/im350/" />
<meta property="og:site_name" content="Sistemas Digitales" />
<meta property="article:modified_time" content="2025-07-21T22:43:04+00:00" />
<meta property="og:image" content="https://www.sistemas-catalunya.com/wp-content/uploads/2020/11/im350.jpg" />
	<meta property="og:image:width" content="504" />
	<meta property="og:image:height" content="504" />
	<meta property="og:image:type" content="image/jpeg" />
<meta name="twitter:card" content="summary_large_image" />
<meta name="twitter:label1" content="Temps estimat de lectura" />
	<meta name="twitter:data1" content="1 minut" />
<script type="application/ld+json" class="yoast-schema-graph">{"@context":"https:\/\/schema.org","@graph":[{"@type":"WebPage","@id":"https:\/\/www.sistemas-catalunya.com\/ca\/producte\/im350\/","url":"https:\/\/www.sistemas-catalunya.com\/ca\/producte\/im350\/","name":"Impressora multifuncional IM350 | SISTEMES DIGITALS","isPartOf":{"@id":"https:\/\/www.sistemas-catalunya.com\/ca\/#website"},"primaryImageOfPage":{"@id":"https:\/\/www.sistemas-catalunya.com\/ca\/producte\/im350\/#primaryimage"},"image":{"@id":"https:\/\/www.sistemas-catalunya.com\/ca\/producte\/im350\/#primaryimage"},"thumbnailUrl":"https:\/\/www.sistemas-catalunya.com\/wp-content\/uploads\/2020\/11\/im350.jpg","datePublished":"2020-11-26T10:17:34+00:00","dateModified":"2025-07-21T22:43:04+00:00","description":"La IM350 és una impressora multifuncional petita, tot en un, fàcil d'utilitzar i molt silenciosa, per la qual cosa és perfecta per a tot tipus d'oficines.","breadcrumb":{"@id":"https:\/\/www.sistemas-catalunya.com\/ca\/producte\/im350\/#breadcrumb"},"inLanguage":"ca","potentialAction":[{"@type":"ReadAction","target":["https:\/\/www.sistemas-catalunya.com\/ca\/producte\/im350\/"]}]},{"@type":"ImageObject","inLanguage":"ca","@id":"https:\/\/www.sistemas-catalunya.com\/ca\/producte\/im350\/#primaryimage","url":"https:\/\/www.sistemas-catalunya.com\/wp-content\/uploads\/2020\/11\/im350.jpg","contentUrl":"https:\/\/www.sistemas-catalunya.com\/wp-content\/uploads\/2020\/11\/im350.jpg","width":504,"height":504,"caption":"im350"},{"@type":"BreadcrumbList","@id":"https:\/\/www.sistemas-catalunya.com\/ca\/producte\/im350\/#breadcrumb","itemListElement":[{"@type":"ListItem","position":1,"name":"Sistemas Catalunya","item":"https:\/\/www.sistemas-catalunya.com\/ca\/"},{"@type":"ListItem","position":2,"name":"Productes","item":"https:\/\/www.sistemas-catalunya.com\/ca\/productes\/"},{"@type":"ListItem","position":3,"name":"Impressores Multifuncionals","item":"https:\/\/www.sistemas-catalunya.com\/ca\/cat-producto\/impressores-multifuncionals\/"},{"@type":"ListItem","position":4,"name":"Impressora Multifuncional IM350"}]},{"@type":"WebSite","@id":"https:\/\/www.sistemas-catalunya.com\/ca\/#website","url":"https:\/\/www.sistemas-catalunya.com\/ca\/","name":"Sistemas Digitales","description":"Renting de Impresoras y Fotocopiadoras ...","potentialAction":[{"@type":"SearchAction","target":{"@type":"EntryPoint","urlTemplate":"https:\/\/www.sistemas-catalunya.com\/ca\/?s={search_term_string}"},"query-input":{"@type":"PropertyValueSpecification","valueRequired":true,"valueName":"search_term_string"}}],"inLanguage":"ca"}]}</script>
<!-- / Yoast SEO plugin. -->

La IM350 és una impressora multifuncional petita, tot en un, fàcil d'utilitzar i molt silenciosa, per la qual cosa és perfecta per a tot tipus d'oficines.
